 r be g(-15). Let d = 11 + r. Calculate x(d).
0
Let y(k) = 18*k**3 - k + 340*k**2 + 9*k**3 + 1 - 341*k**2. Calculate y(1).
26
Let r be ((-4)/(-50)*10)/(10/(-25) - 0). Let n(i) = -i**3 - 3*i**2 + i + 4. What is n(r)?
-2
Let p(b) = -20*b. Let l be -22*(-8)/(14 + 2). Suppose 16*t = l*t + 5. Give p(t).
-20
Let o(n) = -18*n - 35. Let x(q) = 61*q + 104. Let m(z) = 10*o(z) + 3*x(z). Determine m(14).
4
Let s(m) = m**2 + 11*m + 24. Let u be s(-12). Suppose 3*o - 32 = x, -x - u = o - 3*o. Let t = x + 40. Let w(l) = l. Determine w(t).
-4
Let c(m) = -8 - 14*m - 12*m + 28*m. Suppose -3*s = 4*t - 10, 3*s = -123*t + 118*t + 8. Calculate c(s).
4
Let o(d) be the third derivative of 1/40*d**5 - 31/24*d**4 - 1/720*d**6 + 0 + 0*d**3 + 0*d + 15*d**2. Let u(i) be the second derivative of o(i). Give u(0).
3
Let m be (-3 - 1)*(6 - (-20)/(-5)). Let i(c) = -c**2 - 6*c + 2. Calculate i(m).
-14
Let n(d) = -44 + d**2 + 7*d**3 + 2*d**3 + 81*d - 6*d**2 - 90*d - 10*d**3. Give n(-5).
1
Let r(s) = s**3 - 13*s**2 + 12*s + 5. Let n = -360 + 188. Let d = 184 + n. What is r(d)?
5
Let i be (5 + -3)*1/1. Let h(m) = -5 - 50*m**2 + 0 + 56*m**i + 4. Calculate h(-1).
5
Let q(a) be the second derivative of -a**5/20 - a**4/12 + a**3/6 + 3*a**2 + a. Suppose 45131 = 43*b + 7549. Let g = b - 874. Calculate q(g).
6
Let x(w) be the first derivative of w**2/2 - w - 42. Let o = -28 + 69. Suppose -11*b - 8 = -o. Determine x(b).
2
Let d(i) = i**3 - 17*i**2 + 8*i + 580. Let x be d(9). Let l(h) be the second derivative of -1/6*h**3 + 0*h**2 + 0 - 24*h + 1/12*h**x. Give l(0).
0
Let f(b) = -13*b**2 + 7*b - 6. Let k(w) = 7*w**2 - 4*w + 7. Let a(y) = -6*f(y) - 11*k(y). What is a(0)?
-41
Suppose 63*k = 169 - 117 + 137. Let d(z) = -z**2 + 6. Calculate d(k).
-3
Suppose -4*b - 483*l + 478*l = 11, -4*b - l - 31 = 0. Let v(r) = -3*r - 37. Determine v(b).
-10
Let h(s) = -s + 2*s**2 - s**2 + 2*s**2. Let d(i) = -i**2 + 46*i - 167. Let f be d(42). Let o be f/(-4) - 35/(-28)*1. Give h(o).
2
Let k = 103 + -99. Suppose 4*c = o - 375, 96 = -c + k*o - 6*o. Let s be (-32)/(-80) - c/(-10). Let m(x) = x**3 + 9*x**2 - x + 8. Determine m(s).
17
Let k(l) = 183*l + 132. Let d(s) = -85*s - 66. Let b(a) = 13*d(a) + 6*k(a). Calculate b(-8).
-10
Suppose 3*y = 4*t + 46 - 53, 4*y + 10 = 5*t. Let j(l) = -9*l - 18. Give j(y).
27
Let c(o) = -2*o**2 + 36*o - 134. Let z be c(13). Let h(d) = -4*d**2 - 20*d - 3. What is h(z)?
13
Suppose -r + 18 - 12 = 3*v, 2*r = -5*v + 11. Let f(j) = -j**3 + 4*j**2 - 5*j + 5. Calculate f(r).
-1
Let s(v) be the second derivative of -v**3/6 + 9*v**2 - 133*v + 1. Determine s(9).
9
Let j(y) = 52*y**3 + 40*y**2 + y + 36. Let x(r) = 19*r**3 + 14*r**2 + 12. Let b(o) = -4*j(o) + 11*x(o). Determine b(7).
9
Let t = -194 + 197. Suppose 0 = 8*g - 4*g - t*k + 52, 2*g + 5*k + 26 = 0. Let l(q) = q + 16. Calculate l(g).
3
Let t(c) = c**3 + 11*c**2 - 11*c + 15. Let k(j) = j**2 + 24*j + 32. Let o be (-4)/(-10)*(-52 + -3). Let x be k(o). Determine t(x).
3
Suppose 26 = 2*g - 4*p, -11*p = 3*g - 8*p + 6. Let i(s) = 3*s**3 - s**2 + 2*s - 7. Calculate i(g).
71
Let u(c) = 20*c**2 - 3745*c + 3730*c + 1 - 12*c**2 - 11*c**2. Calculate u(-5).
1
Let g(y) = y + 8. Let s = 112 - 122. Let j(x) = -x**2 + x + 105. Let p be j(s). Calculate g(p).
3
Let j(s) = 15*s**3 + 4*s**2 + 4*s + 4. Let l(k) = -1 - 398*k**2 + 201*k**2 - k + 196*k**2. Let q(p) = j(p) + 4*l(p). Determine q(1).
15
Let p(a) = 3*a + 10. Let i(q) = -3*q - 14. Let t(y) = 4*i(y) + 6*p(y). Let k(d) = d**2 + 7*d + 2. Let c be k(-6). Give t(c).
-20
Let z(u) = 307 - 705 + 393 - 31*u. Determine z(1).
-36
Let c be 1/24*(7/(-7) + 3). Let q(k) be the third derivative of 0 - c*k**4 + 0*k + 1/3*k**3 - 13*k**2. Determine q(5).
-8
Let s(q) = -q**3 + 15*q**2 - q + 28. Let m be s(14). Suppose -35*n = -49*n - m. Let h(r) = -r - 13. What is h(n)?
2
Let h(t) = 3*t - 58. Suppose -544 = 27*g - 976. What is h(g)?
-10
Let r(f) = f**3 - 3*f**2 - 4*f. Suppose -144 = -6*y + 66. Let v = y + -40. Let z be (-22)/v - (-30)/(-75). Determine r(z).
0
Let c(q) = q**3 - 6*q**2 + 8*q - 61. Suppose -33*y - 31 + 229 = 0. Let b be c(y). Let d(l) = l + 18. Calculate d(b).
5
Let y be 10 + (8624/42)/(-22). Let g(i) be the second derivative of 0 + 1/12*i**4 - 14*i + y*i**3 - i**2. Give g(-6).
10
Suppose -10*p + 282 = -278. Let i be (-519)/8 - 7/p. Let u be (-10)/i - (-11)/13. Let g(o) = -3*o**2 + 2*o - 1. Give g(u).
-2
Let w(b) = -8*b + 2. Suppose 5 = -2*y - 17. Let z(t) = 3*t**2 + 34*t + 12. Let v be z(y). Give w(v).
-6
Let m be (-87)/(-58)*((-28)/6 - -2). Let w be (5 + 32/m)/((-15)/10). Let v(j) = 2 - 1 - 4*j + 0. Determine v(w).
-7
Let z(m) = -3*m - 70. Suppose -4*i - 3*r + 66 = -7*i, 5*i - r = -102. Let l be z(i). Let g(p) = -p**2 - 10*p + 14. What is g(l)?
14
Let x(d) = -98 + d**3 + 30 + 9 + 16*d**2 + 6*d**2 + 23 + 19*d. Calculate x(-21).
6
Let g(c) = -30*c**2 + 3*c - 17. Let x(h) = -7*h**2 + h - 4. Let z(q) = -2*g(q) + 9*x(q). Suppose -5*y - 1 = -i - 6, -5*i + 27 = y. Calculate z(y).
-8
Let k(n) = -n**3 + 3*n**2 - 135*n + 413. Let i be k(3). Let t(f) = -f - 6. Determine t(i).
-14
Suppose 11 = 2*b - 5*r + 21, 2*b = -3*r - 10. Let s(z) be the second derivative of -z**5/20 - 5*z**4/12 - 7*z**2/2 - 3*z. What is s(b)?
-7
Let s(k) = 3*k**2 + 8*k - 26. Let q(w) = -8*w**2 - 14*w + 46. Let r(z) = -4*q(z) - 7*s(z). Calculate r(-2).
42
Let c(a) = a**2 - 8*a + 15. Let k(u) = -1. Let m(q) = c(q) - k(q). Calculate m(10).
36
Let p(h) be the third derivative of h**5/30 + h**4/3 + 2*h**3 - 5*h**2 - h - 126. Calculate p(-2).
4
Suppose 9*h + 20*h = 71253. Let t be (-8)/22 - h/231. Let d(l) = l**2 + 12*l + 2. Calculate d(t).
-9
Let a(w) = 4*w**2 - 15 + 1447*w - 3*w**2 - 3*w**2 + 0*w**2 - 1452*w. Give a(-6).
-57
Let l be 40 + (5 - (5 + -1)). Let c = l + -58. Let o(d) = -d**2 - 18*d - 22. Let s be o(c). Let a(r) = r**2 + 7*r + 7. Determine a(s).
-3
Let j(q) be the second derivative of 3*q**5/20 + q**4/4 + 2*q**3/3 + q**2/2 + 14*q - 9. Give j(-3).
-65
Let k(c) = 12*c + 2. Let n(l) = -18*l**2. Let r be n(1). Let v be (r - -124)/((-2 + 1)*-1). Let d = -104 + v. Determine k(d).
26
Let r(x) be the second derivative of 8*x**3/3 - x**2/2 + 9*x - 2. Let m = -1096 - -1097. Calculate r(m).
15
Let x(n) = -3*n**2 + 41*n + 17. Suppose -165*o = -161*o + 8, -52 = -3*k + 5*o. Give x(k).
3
Let r(c) = 8*c**2 - 11*c + 0*c + c**3 + 10*c + 5*c + 20. What is r(-8)?
-12
Let o be (-2312)/(-32) + 1 + (-2)/8. Let a(q) = 7*q**2 - o*q**2 + 1 + 68*q**2. Suppose -5 = 3*n + 4. What is a(n)?
19
Let a = -188 + 195. Suppose -5*n + 5*v = a + 8, -n - 4*v = 18. Let i(m) = -m**3 - 5*m**2 + 9*m + 9. Give i(n).
-9
Let i(c) be the first derivative of c**3/3 - 3*c**2 + 22*c + 21. Let l be i(5). Suppose -l = 8*z - 1. Let t(u) = -3*u**3 - 4*u**2 - 4*u - 2. Calculate t(z).
14
Let o(d) = 79*d + 19. Let n(b) = b**2 + 237*b + 66. Let g(q) = -3*n(q) + 8*o(q). Determine g(-26).
-20
Suppose 4*f + 10 = 22. Let w(u) be the second derivative of 7*u**3/6 - 4*u**2 + 2*u. Let o(x) = -20*x + 23. Let p(c) = 4*o(c) + 11*w(c). Calculate p(f).
-5
Suppose -7 - 1 = 4*r - 4*i, -4*i = -r + 7. Let y(j) = 1613 - 1613 - 4*j. Let p(v) = v. Let m(w) = -3*p(w) - y(w). Give m(r).
-5
Let r = 80 - -45. Let w(c) = -48*c + 51*c - r + 127. Give w(-5).
-13
Let l(i) = 2*i**2 + 48*i + 2. Let x be l(-26). Suppose -104 - x = 21*a. Let w(o) = -o**3 - 10*o**2 + o + 6. Determine w(a).
-4
Let i(h) be the second derivative of 9*h + 1/12*h**4 + 0 - 2*h**2 + 3/2*h**3. Give i(-5).
-24
Let z(v) = -11*v + 11. Suppose -175 - 24 = -32*f + 57. Determine z(f).
-77
Suppose -22*k = -20*k - 26. Suppose -56 + 4 = -k*h. Let i(m) = -m**3 + 5*m**2 - 4*m + 2. What is i(h)?
2
Let r(d) = d**3 - 3*d**2 + 47*d - 216. Let o be r(4). Let v(w) = w**2 + 9*w - 57. Give v(o).
-21
Let u = -159 - -211. Let o = 46 - u. Let q(j) = 5 + 2*j - 3 - 3*j - 4. Calculate q(o).
4
Let z(p) be the first derivative of -p**4/4 - 5*p**3/3 + 13*p**2/2 + 7*p + 11133. What is z(-7)?
14
Suppose -j + 3*x + 14 = -x, -2*j = -4*x - 12. Let z be (j/3)/(355/90 - 4). Let l be 8/z*(-33)/(-2) - 1. Let d(v) = -v**2 + 10*v + 1. Calculate d(l).
1
Let o(h) = h**3 - 4*h**2 + h - 1. Let w(q) = 2*q**2 - q + 1. Suppose 11 = b + 10. Let n be w(b). Let y be o(n). Let a(i) = i**2 + 4*i - 9. Calculate a(y).
12
Let z(m) = -57 + 5*m**3 - 2*m + m - m**2 + 59 - 6*m**3. Let v(k) = -k**3 +